 base 10, what is 0 + -306073?
-306073
In base 15, what is -cb32 + -2?
-cb34
In base 3, what is 12 - 12201100?
-12201011
In base 8, what is 2561 + -37?
2522
In base 11, what is 582a8 + 0?
582a8
In base 12, what is -4 - 41583?
-41587
In base 5, what is 431102 + 1?
431103
In base 3, what is -112 - 121212222?
-121220111
In base 7, what is -5321 - -514?
-4504
In base 12, what is 2986 - 46?
2940
In base 15, what is -1 + 1a3b?
1a3a
In base 7, what is -264 + 1025?
431
In base 6, what is 245204 - 30?
245134
In base 6, what is -54041 - 1?
-54042
In base 7, what is -11 - -112461?
112450
In base 9, what is 0 - -107540?
107540
In base 2, what is 1111 + -1010110000010?
-1010101110011
In base 12, what is -25336 + -17?
-25351
In base 11, what is -34 - -324?
2a0
In base 8, what is 3207015 - -2?
3207017
In base 11, what is -3 + -10355?
-10358
In base 9, what is -10516282 + 3?
-10516278
In base 4, what is -13313132 + 112?
-13313020
In base 16, what is -a2 - 30?
-d2
In base 15, what is 4c0c - -2?
4c0e
In base 4, what is -12200 - -133130?
120330
In base 6, what is -13135 + 1?
-13134
In base 10, what is -2719 + -739?
-3458
In base 13, what is -1c5143 - 0?
-1c5143
In base 14, what is 2aa4 + -3?
2aa1
In base 6, what is -10525 - 134?
-11103
In base 14, what is -b9 + 416?
33b
In base 3, what is 11120 - -11121002?
11202122
In base 10, what is -3 + -953291?
-953294
In base 14, what is 5 - -1a8c4?
1a8c9
In base 16, what is -42c - 7d?
-4a9
In base 5, what is 1 + -11002132?
-11002131
In base 4, what is -2130102323 + 11?
-2130102312
In base 16, what is -5 + -158c?
-1591
In base 11, what is 17505 + 3?
17508
In base 11, what is -367 - -9?
-359
In base 7, what is 5515 + 5?
5523
In base 4, what is 22100 - -233203?
321303
In base 8, what is 4733 - -27?
4762
In base 6, what is -502441 - 50?
-502531
In base 15, what is -1206e + 6?
-12068
In base 16, what is -4d3 + -604?
-ad7
In base 14, what is c - -53b3?
53c1
In base 9, what is -2214 - 3387?
-5612
In base 4, what is -100 - -33221?
33121
In base 5, what is 2 + -10323?
-10321
In base 2, what is 1101000110011 - 110?
1101000101101
In base 11, what is 2 - -157a5?
157a7
In base 16, what is -2392 + 4?
-238e
In base 2, what is -11011110011110 - 1?
-11011110011111
In base 11, what is 530 - 143?
398
In base 13, what is 139048 + -2?
139046
In base 8, what is -3 - 10554?
-10557
In base 15, what is d6 - 36?
a0
In base 12, what is 53190 + -8?
53184
In base 7, what is 2 + -106600?
-106565
In base 6, what is -11005 + 2131?
-4434
In base 16, what is -4 + -4908?
-490c
In base 5, what is -10 + -2404333?
-2404343
In base 5, what is -132 - -1340423?
1340241
In base 4, what is 2100231112 - -1?
2100231113
In base 5, what is 32121 - 23?
32043
In base 2, what is 11000011010 + -1111?
11000001011
In base 9, what is 28506 + -6?
28500
In base 13, what is 584 + 133?
6b7
In base 13, what is -a34 + -4c?
-a83
In base 4, what is 2 - -10130100?
10130102
In base 6, what is 14 + -5215?
-5201
In base 10, what is -3076 + -5?
-3081
In base 10, what is -15451 - 12?
-15463
In base 5, what is -10 - -20443?
20433
In base 15, what is -4bd - -10?
-4ad
In base 6, what is 1 + -1434?
-1433
In base 3, what is 22222 - -20000?
112222
In base 8, what is -7 + 30270?
30261
In base 16, what is 98a6 - 5?
98a1
In base 8, what is -2011 - -340?
-1451
In base 5, what is 301 + 20133?
20434
In base 7, what is 2 + 5543?
5545
In base 5, what is -3022103 - -44?
-3022004
In base 12, what is 1aa7 + 41?
1b28
In base 3, what is 1122 + -201222?
-200100
In base 14, what is 70 + -d32?
-ca2
In base 4, what is 111222220 - -10?
111222230
In base 14, what is 3 - 45820?
-4581b
In base 9, what is -360340 - 2?
-360342
In base 3, what is -22 - -211000011?
210222212
In base 15, what is 12 + 759?
76b
In base 8, what is -7013 + 26?
-6765
In base 5, what is 1 - 2034022?
-2034021
In base 12, what is -2 + 18941?
1893b
In base 5, what is -44 - -2102443?
2102344
In base 3, what is 200211220002 - -2?
200211220011
In base 12, what is 1 - -1758b5?
1758b6
In base 7, what is -6324 - 12?
-6336
In base 16, what is -52 + -fb?
-14d
In base 11, what is -350 + 32a?
-21
In base 16, what is -39c + -41?
-3dd
In base 14, what is 4 - -cc33?
cc37
In base 7, what is 1 - 325606?
-325605
In base 4, what is 233 + 1132212?
1133111
In base 10, what is 2299060 + -1?
2299059
In base 8, what is 453520 - -10?
453530
In base 4, what is -3123 + 22012?
12223
In base 16, what is -3 - 3a0b?
-3a0e
In base 12, what is b59a21 - -1?
b59a22
In base 6, what is -200 + -22443?
-23043
In base 9, what is 2 + 118334?
118336
In base 12, what is 3 - 5229a?
-52297
In base 13, what is -3358 + -2a?
-3385
In base 10, what is -11 + -28374?
-28385
In base 13, what is -282 - -74?
-20b
In base 6, what is -22 - 141244?
-141310
In base 10, what is 4 - 8008?
-8004
In base 6, what is -12 - -10115?
10103
In base 7, what is -1116 + 15201?
14052
In base 5, what is -423010 + -3?
-423013
In base 3, what is -10111 - -11121222?
11111111
In base 10, what is 223 + 95?
318
In base 5, what is 43304 - -10?
43314
In base 16, what is 4 - 62f6c?
-62f68
In base 6, what is 10455433 - 5?
10455424
In base 10, what is 187 - 1316?
-1129
In base 13, what is -11851 + 0?
-11851
In base 5, what is -4220 + 3013?
-1202
In base 12, what is 1339aa + -2?
1339a8
In base 6, what is 22 + -1500013?
-1455551
In base 8, what is -163420 + -3?
-163423
In base 13, what is 679 - -27b?
927
In base 6, what is -10 + 32200?
32150
In base 11, what is 9 - 177a?
-1771
In base 4, what is -323 - 3330?
-10313
In base 8, what is 13 - -72307?
72322
In base 7, what is -52 - 41301?
-41353
In base 3, what is -11211022102 - -1012?
-11211021020
In base 11, what is 4 + 5565a1?
5565a5
In base 16, what is 39c + 2?
39e
In base 4, what is 13301211 - 2?
13301203
In base 2, what is -1001110111110011 - 101?
-1001110111111000
In base 15, what is -1ae1a + 7?
-1ae13
In base 4, what is -1112211 - -223?
-1111322
In base 9, what is 2 + 115204?
115206
In base 4, what is 132 - -210331?
211123
In base 16, what is -904c - -5?
-9047
In base 14, what is 272 - -a?
27c
In base 2, what is 1100101011000110 + 1?
1100101011000111
In base 10, what is -55834 + 4?
-55830
In base 10, what is 127 + -1632?
-1505
In base 14, what is -19 + 106b?
1052
In base 14, what is -2d - 6d1?
-720
In base 7, what is -10633 - 440?
-11403
In base 11, what is 0 + -3854a?
-3854a
In base 2, what is 10111 + 11010110110011?
11010111001010
In base 2, what is -10001011011100 + -1001?
-10001011100101
In base 5, what is 12 - 214441?
-214424
In base 13, what is 3 - -13a3c8?
13a3cb
In base 7, what is -25 - 5112?
-5140
In base 8, what is 754 + 166?
1142
In base 16, what is 2 + 1f4c6?
1f4c8
In base 3, what is 11202111122 - -12?
11202111211
In base 15, what is -9 + 13b89?
13b80
In base 7, what is -3264522 + 5?
-3264514
In base 2, what is 11111011101011010 - 110?
11111011101010100
In base 10, what is 2 - 7790?
-7788
In base 5, what is -1004 - 1434?
-2443
In base 2, what is 11010001010110 - -11110000?
11010101000110
In base 12, what is -93a3 + bb?
-92a4
In base 7, what is -265 - -1041?
443
In base 4, what is -101 + -1122?
-1223
In base 4, what is -1002320 + 101?
-1002213
In base 12, what is -14132 - -14?
-1411a
In base 12, what is -101 + -749?
-84a
In base 7, what is -11 - -4116?
4105
In base 14, what is 2 - 61c78?
-61c76
In base 13, what is -1 + 1291ba?
1291b9
In base 11, what is -4 - -7189?
7185
In base 10, what is -26333 - -5?
-26328
In base 11, what is 70144 - 6?
70139
In base 15, what is 1348 + -d?
133a
In base 6, what is 1025 - -32543?
34012
In base 13, what is -4066 - -4?
-4062
In base 7, what is 41 - -404666?
405040
In base 13, what is -3622 + -52?
-3674
In base 3, what is 10120101 - -22?
10120200
In base 4, what is -11 + -332330320?
-332330331
In base 3, what is 20220 + 10012?
101002
In base 6, what is 0 + 102252135?
102252135
In base 5, what is 33034 - -1101?
34140
In base 16, what is 424 + 47f?
8a3
In base 4, what is 31031 - -103?
31200
In base 14, what is 5 - 1d58?
-1d53
In base 7, what is 1111515 + -5?
1111510
In base 13, what is -5 + 8847?
8842
In base 11, what is -66 - -4aa?
444
In base 9, what is 2058700 + -1?
2058688
In base 10, what is -289118 - -5?
-289113
In base 15, what is 16bd5 - -5?
16bda
In base 11, what is 0 + -a6957?
-a6957
In base 13, what is 2b607 - -5?
2b60